{"id":12,"date":"2020-07-21T10:03:32","date_gmt":"2020-07-21T10:03:32","guid":{"rendered":"http:\/\/perspectives.ujep.cz\/?page_id=12"},"modified":"2020-11-05T20:11:42","modified_gmt":"2020-11-05T20:11:42","slug":"program","status":"publish","type":"page","link":"https:\/\/ticass.ujep.cz\/perspectives\/program\/","title":{"rendered":"PROGRAM"},"content":{"rendered":"\n<div style=\"height:200px\" aria-hidden=\"true\" class=\"wp-block-spacer\"><\/div>\n\n\n\n<div class=\"su-tabs su-tabs-style-default su-tabs-mobile-stack program\" data-active=\"\" data-scroll-offset=\"0\" data-anchor-in-url=\"no\"><div class=\"su-tabs-nav\"><span class=\" day\" data-url=\"\" data-target=\"blank\" tabindex=\"0\" role=\"button\">TH 22\/10<\/span><span class=\" day\" data-url=\"\" data-target=\"blank\" tabindex=\"0\" role=\"button\">FR 23\/10<\/span><\/div><div class=\"su-tabs-panes\"><div class=\"su-tabs-pane su-u-clearfix su-u-trim day\" data-title=\"TH 22\/10\">\n<table id=\"panel\">\n<tr>\n<td class=\"title\">\n<h2>Keynote Speakers<br>&#038; panel<br>Medium As a Message<br>in Visual Arts<\/h2>\n[Auditorium Nr. 536]<\/td>\n<\/tr>\n<\/table>\n\n<table id=\"prog\">\n<tr class=\"line\">\n<td class=\"when\">10.00<\/td>\n<td class=\"what\">Opening by Pavel Mrkus<\/td>\n<\/tr>\n<tr class=\"line\">\n<td>10.20<\/td>\n<td><a href=\"http:\/\/perspectives.ujep.cz\/?p=223\" target=\"_blank\" rel=\"noopener noreferrer\">J\u00e1nos Szoboszlai<\/a><br>\n<span class=\"papers\">A Few Notes on Mediation and Discursivity in Contemporary Curatorial Practices<\/span><br>Keynote speech for the conference panel Medium As a Message in Visual Arts<\/td>\n<\/tr>\n<tr>\n<td>10.50<\/td>\n<td><a href=\"http:\/\/perspectives.ujep.cz\/?p=227\" target=\"_blank\" rel=\"noopener noreferrer\">\u0141ukasz Sk\u0105pski<\/a><br>\n<span class=\"papers\">Visual Literacy in Art and Art Education<\/span><br>Keynote speech for the conference panel Education Approaches Focus on Visual Thinking<\/td>\n<\/tr>\n<tr>\n<td>11.20<\/td>\n<td><a href=\"http:\/\/perspectives.ujep.cz\/?p=205\" target=\"_blank\" rel=\"noopener noreferrer\">Roberto Farn\u00e9<\/a><br>\n<span class=\"papers\">Education Iconology\u00a0\u2013 A Filed of Research<\/span><br>Keynote speech for the conference panel Visual Literacy As a Tool For Creative Thinking<\/td>\n<\/tr>\n<tr>\n<td>11.50<\/td>\n<td>Discussion<\/td>\n<\/tr>\n<tr class=\"line\">\n<td>12.15<\/td>\n<td>45\u2032\u00a0Lunch break<\/td>\n<\/tr>\n<tr class=\"line\">\n<td>13.00<\/td>\n<td><a href=\"http:\/\/perspectives.ujep.cz\/?p=215\" target=\"_blank\" rel=\"noopener noreferrer\">Eva Mr\u00e1zikov\u00e1<\/a><br>\n<span class=\"papers\">Display \u2013 Transformation of Installation and Curatorial Concepts at the Emil Filla Gallery in \u00dast\u00ed nad Labem<\/span><\/td>\n<\/tr>\n<tr>\n<td>13.20<\/td>\n<td><a href=\"http:\/\/perspectives.ujep.cz\/?p=189\" target=\"_blank\" rel=\"noopener noreferrer\">Lenka S\u00fdkorov\u00e1<\/a><br>\n<span class=\"papers\">Wake-Up Call<\/span><\/td>\n<\/tr>\n<tr>\n<td>13.40<\/td>\n<td>Discussion<\/td>\n<\/tr>\n<tr>\n<td>13.50<\/td>\n<td><a href=\"http:\/\/perspectives.ujep.cz\/?p=201\" target=\"_blank\" rel=\"noopener noreferrer\">Justyna Gorkowicz<\/a> &amp;&nbsp;<a href=\"http:\/\/perspectives.ujep.cz\/?p=203\" target=\"_blank\" rel=\"noopener noreferrer\">Jaroslaw&nbsp;Solecki<\/a><br>\n<span class=\"papers\">PUNO Virtual Gallery as an Example of Using New Technologies in Education with Art Practice<\/span><\/td>\n<\/tr>\n<tr>\n<td>14.10<\/td>\n<td><a href=\"http:\/\/perspectives.ujep.cz\/?p=180\" target=\"_blank\" rel=\"noopener noreferrer\">Barbora H\u00e1jkov\u00e1<\/a><br>\n<span class=\"papers\">Czech and German Young Curators Networking<\/span><\/td>\n<\/tr>\n<tr>\n<td>14.30<\/td>\n<td>Discussion<\/td>\n<\/tr>\n<tr>\n<td>14.40<\/td>\n<td>Coffee break<\/td>\n<\/tr>\n<tr>\n<td>15.00<\/td>\n<td><a href=\"http:\/\/perspectives.ujep.cz\/?p=182\" target=\"_blank\" rel=\"noopener noreferrer\">Tereza Havlovicov\u00e1<\/a><br>\n<span class=\"papers\">Quality Issues of Selected Online Educational Programmes of Czech Galleries During the State of Emergency from March 2020<\/span><\/td>\n<\/tr>\n<tr>\n<td>15.20<\/td>\n<td><a href=\"http:\/\/perspectives.ujep.cz\/?p=209\" target=\"_blank\" rel=\"noopener noreferrer\">Pavel Matou\u0161ek<\/a><br>\n<span class=\"papers\">Going Fully Virtual in Conceptual Thinking<\/span><\/td>\n<\/tr>\n<tr>\n<td>15.40<\/td>\n<td>Discussion<\/td>\n<\/tr>\n<tr>\n<td>15.50<\/td>\n<td>Coffee break<\/td>\n<\/tr>\n<tr>\n<td>16.10<\/td>\n<td><a href=\"http:\/\/perspectives.ujep.cz\/?p=187\" target=\"_blank\" rel=\"noopener noreferrer\">Yea-Eun Jang<\/a><br>\n<span class=\"papers\">Abstract Media Visualisation Methodology<\/span><\/td>\n<\/tr>\n<tr>\n<td>16.30<\/td>\n<td><a href=\"http:\/\/perspectives.ujep.cz\/?p=178\" target=\"_blank\" rel=\"noopener noreferrer\">Dirk Gro\u00dfer<\/a><br>\n<span class=\"papers\">Terminal of Freedom \u2013 How to provide on the field of art an infrastructure and information platform to the following subject: philosophical term of freedom for a society in the making?<\/span><\/td>\n<\/tr>\n<tr>\n<td>16.50<\/td>\n<td>Discussion<\/td>\n<\/tr>\n<\/table>\n<\/div>\n<div class=\"su-tabs-pane su-u-clearfix su-u-trim day\" data-title=\"FR 23\/10\">\n<table id=\"panel\">\n<tr>\n<td class=\"title\">\n<h2>Education<br>Approaches<br>Focus on Visual<br>Thinking<\/h2>\n[Auditorium Nr. 536]<\/td>\n<td class=\"title\">\n<h2>Visual Literacy<br>As a Tool for<br>Creative<br>Thinking<\/h2>\n[Auditorium Nr. 537]<\/td>\n<\/tr>\n<\/table>\n\n<table id=\"prog\">\n<tr class=\"line\">\n<td class=\"when\">10.00<\/td>\n<td class=\"what\">Opening of the Panel<\/td>\n<td class=\"when\">10.00<\/td>\n<td class=\"what\">Opening of the Panel<\/td>\n<\/tr>\n<tr class=\"line\">\n<td>10.10<\/td>\n<td><a href=\"http:\/\/perspectives.ujep.cz\/?p=185\" target=\"_blank\" rel=\"noopener noreferrer\">Dorota Hrycak-Krzy\u017canowska<\/a><br>\n<span class=\"papers\">A way to Learn \u2013 a way to Teach, correlation of visual language with language learning<\/span><\/td>\n<td>10.10<\/td>\n<td><a href=\"http:\/\/perspectives.ujep.cz\/?p=207\" target=\"_blank\" rel=\"noopener noreferrer\">Aleksandra \u0141ukaszewicz Alcaraz<\/a><br>\n<span class=\"papers\">Importance of visual literacy for promotion of conservation and biodiversity for young people across West Africa. Implementing the Educational Recommendations for Studies in Media, Art and Design, developed within the TICASS project<\/span><\/td>\n<\/tr>\n<tr>\n<td>10.30<\/td>\n<td><a href=\"http:\/\/perspectives.ujep.cz\/?p=199\" target=\"_blank\" rel=\"noopener noreferrer\">Tsawe-Munga wa&nbsp;Chidongo<\/a><br>\n<span class=\"papers\">Visual literacy and technology of Imaging among pastoral communities of Kenya<\/span><\/td>\n<td>10.30<\/td>\n<td><a href=\"http:\/\/perspectives.ujep.cz\/?p=225\" target=\"_blank\" rel=\"noopener noreferrer\">Flavia Stara<\/a><br>\n<span class=\"papers\">Visual Literacies and Education<\/span><\/td>\n<\/tr>\n<tr>\n<td>10.50<\/td>\n<td>Discussion<\/td>\n<td>10.50<\/td>\n<td>Discussion<\/td>\n<\/tr>\n<tr>\n<td>11.00<\/td>\n<td><a href=\"http:\/\/perspectives.ujep.cz\/?p=165\" target=\"_blank\" rel=\"noopener noreferrer\">Kate\u0159ina Dytrtov\u00e1<\/a> &amp;&nbsp;<a href=\"http:\/\/perspectives.ujep.cz\/?p=168\" target=\"_blank\" rel=\"noopener noreferrer\">Martin&nbsp;Raudensk\u00fd<\/a><br>\n<span class=\"papers\">Creation, method, education<\/span><\/td>\n<td>11.00<\/td>\n<td><a href=\"http:\/\/perspectives.ujep.cz\/?p=149\" target=\"_blank\" rel=\"noopener noreferrer\">Giuseppe Capriotti<\/a><br>\n<span class=\"papers\">Symbols and Personifications beyond visual literacy. Reading Bronzino\u2019s Allegory between Italy and Kenya<\/span><\/td>\n<\/tr>\n<tr>\n<td>11.20<\/td>\n<td><a href=\"http:\/\/perspectives.ujep.cz\/?p=162\" target=\"_blank\" rel=\"noopener noreferrer\">Alena Drury Sojkov\u00e1<\/a><br>\n<span class=\"papers\">Video in Art Education at the Secondary School<\/span><\/td>\n<td>11.20<\/td>\n<td><a href=\"http:\/\/perspectives.ujep.cz\/?p=211\" target=\"_blank\" rel=\"noopener noreferrer\">Michael Maua<\/a><br>\n<span class=\"papers\">Visual literacy initiatives in academic institution libraries: A literature review from 2015 to present<\/span><\/td>\n<\/tr>\n<tr>\n<td>11.40<\/td>\n<td>Discussion<\/td>\n<td>11.40<\/td>\n<td><a href=\"http:\/\/perspectives.ujep.cz\/?p=197\" target=\"_blank\" rel=\"noopener noreferrer\">Jakub Konupka<\/a><br>\n<span class=\"papers\">Digital First: Visual Communication and Literacy in a World Dominated by Digital Media<\/span><\/td>\n<\/tr>\n<tr>\n<td>&nbsp;<\/td>\n<td>&nbsp;<\/td>\n<td>12.00<\/td>\n<td>Discussion<\/td>\n<\/tr>\n<tr class=\"line\">\n<td>12.15<\/td>\n<td>75\u2032\u00a0Lunch break<\/td>\n<td>12.15<\/td>\n<td>75\u2032\u00a0Lunch break<\/td>\n<\/tr>\n<tr class=\"line\">\n<td>13.30<\/td>\n<td><a href=\"http:\/\/perspectives.ujep.cz\/?p=172\" target=\"_blank\" rel=\"noopener noreferrer\">Jitka G\u00e9ringov\u00e1<\/a> &amp;&nbsp;<a href=\"http:\/\/perspectives.ujep.cz\/?p=176\" target=\"_blank\" rel=\"noopener noreferrer\">Dagmar&nbsp;My\u0161\u00e1kov\u00e1<\/a> &amp;&nbsp;<a href=\"http:\/\/perspectives.ujep.cz\/?p=174\" target=\"_blank\" rel=\"noopener noreferrer\">Patricie&nbsp;Pleyerov\u00e1<\/a><br>\n<span class=\"papers\">Artist As a Teacher. Pedagogical Concepts of Artist \u2013 Experts in the Filed of Visual Art<\/span><\/td>\n<td>13.30<\/td>\n<td><a href=\"http:\/\/perspectives.ujep.cz\/?p=219\" target=\"_blank\" rel=\"noopener noreferrer\">Mark\u00e9ta Neme\u0161kalov\u00e1<\/a> &amp;&nbsp;<a href=\"http:\/\/perspectives.ujep.cz\/?p=221\" target=\"_blank\" rel=\"noopener noreferrer\">Mat\u011bj&nbsp;V\u00e1zal<\/a><br>\n<span class=\"papers\">Visualization in Service Design<\/span><\/td>\n<\/tr>\n<tr>\n<td>13.50<\/td>\n<td><a href=\"http:\/\/perspectives.ujep.cz\/?p=153\" target=\"_blank\" rel=\"noopener noreferrer\">Ma\u0142gorzata Dancewicz<\/a><br>\n<span class=\"papers\">Belonging to one\u2019s own gaze. The use of eye tracking methods in new media art and art education<\/span><\/td>\n<td>13.50<\/td>\n<td><a href=\"http:\/\/perspectives.ujep.cz\/?p=217\" target=\"_blank\" rel=\"noopener noreferrer\">Barbora M\u00fcllerov\u00e1<\/a><br>\n<span class=\"papers\">Socially engaged illustration and artzines across Europe<\/span><\/td>\n<\/tr>\n<tr>\n<td>14.10<\/td>\n<td>Discussion<\/td>\n<td>14.10<\/td>\n<td>Discussion<\/td>\n<\/tr>\n<tr>\n<td>14.20<\/td>\n<td>Coffee break<\/td>\n<td>14.20<\/td>\n<td>Coffee break<\/td>\n<\/tr>\n<tr>\n<td>14.40<\/td>\n<td><a href=\"http:\/\/perspectives.ujep.cz\/?p=191\" target=\"_blank\" rel=\"noopener noreferrer\">Ji\u0159\u00ed Kombrza<\/a> &amp;&nbsp;<a href=\"http:\/\/perspectives.ujep.cz\/?p=193\" target=\"_blank\" rel=\"noopener noreferrer\">Ond\u0159ej&nbsp;Pe\u0161out<\/a><br>\n<span class=\"papers\">Evidence-Based Educational Approaches to Support Creative Thinking in College Students<\/span><\/td>\n<td>14.40<\/td>\n<td><a href=\"http:\/\/perspectives.ujep.cz\/?p=213\" target=\"_blank\" rel=\"noopener noreferrer\">Karel M\u00ed\u0161ek<\/a><br>\n<span class=\"papers\">Visual literacy \u2013 Project EUROPE CULTURE<\/span><\/td>\n<\/tr>\n<tr>\n<td>15.00<\/td>\n<td><a href=\"http:\/\/perspectives.ujep.cz\/?p=158\" target=\"_blank\" rel=\"noopener noreferrer\">Rosita Deluigi<\/a><br>\n<span class=\"papers\">Times and languages of qualitative educational research in the atelier: the Visual Ticass 2.0 experience<\/span><\/td>\n<td>15.00<\/td>\n<td><a href=\"http:\/\/perspectives.ujep.cz\/?p=230\" target=\"_blank\" rel=\"noopener noreferrer\">Yasha Rozov<\/a><br>\n<span class=\"papers\">The Site is the Message: Visual Literacy and the Specificity of Site<\/span><\/td>\n<\/tr>\n<tr>\n<td>15.20<\/td>\n<td>Discussion<\/td>\n<td>15.20<\/td>\n<td>Discussion<\/td>\n<\/tr>\n<tr>\n<td>15.30<\/td>\n<td>Coffee break<\/td>\n<td>15.30<\/td>\n<td>Coffee break<\/td>\n<\/tr>\n<tr class=\"line\">\n<td>16.00<\/td>\n<td class=\"xlink\">Visit of Exhibitions in the <a class=\"link\" href=\"https:\/\/duul.cz\/en\/\">\u00dast\u00ed nad Labem House of&nbsp;Arts (DU\u00daL)<\/a><\/td>\n<td>16.00<\/td>\n<td class=\"xlink\">Visit of Exhibitions in the <a class=\"link\" href=\"https:\/\/duul.cz\/en\/\">\u00dast\u00ed nad Labem House of&nbsp;Arts (DU\u00daL)<\/a><\/td>\n<\/tr>\n<\/table>\n<\/div><\/div><\/div>\n\n\n\n<div style=\"height:100px\" aria-hidden=\"true\" class=\"wp-block-spacer\"><\/div>\n\n\n\n<p class=\"has-text-align-center xlink\"><s>Auditoriums Nr. 536 and 537, 4th floor @ <a href=\"https:\/\/fud.ujep.cz\/en\/\">Faculty of Art and Design JEPU in \u00dast\u00ed nad Labem<\/a><\/s><\/p>\n\n\n\n<div style=\"height:50px\" aria-hidden=\"true\" class=\"wp-block-spacer\"><\/div>\n\n\n\n<hr class=\"wp-block-separator is-style-wide\"\/>\n\n\n\n<div class=\"wp-block-columns\">\n<div class=\"wp-block-column\">\n<h3 class=\"xh3\">Thursday panel<\/h3>\n\n\n\n<p class=\"has-text-align-left xlink\">10\u201412\u2003<a rel=\"noreferrer noopener\" href=\"https:\/\/us02web.zoom.us\/j\/5786928776?pwd=N2M1UFFMWjJIU2xWUWExbU5Oay91dz09\" target=\"_blank\">KEYNOTE SPEAKERS<\/a><br>13\u201417\u2003<a rel=\"noreferrer noopener\" href=\"https:\/\/us02web.zoom.us\/j\/5786928776?pwd=N2M1UFFMWjJIU2xWUWExbU5Oay91dz09\" target=\"_blank\">MEDIUM AS A MESSAGE<\/a><\/p>\n\n\n\n<p class=\"has-text-align-left xlink\"><em>Meeting ID<\/em>\u2003578 692 8776<br><em>Passcode<\/em>\u2003uUiLG3<\/p>\n<\/div>\n\n\n\n<div class=\"wp-block-column\">\n<h3 class=\"xh3\">Friday panel #1<\/h3>\n\n\n\n<p class=\"has-text-align-left xlink\">10\u201416\u2003<a rel=\"noreferrer noopener\" href=\"https:\/\/us02web.zoom.us\/j\/5576066419?pwd=MDZWZngyOEJvYTIwZzhZcHRPMVhvdz09\" target=\"_blank\">VISUAL LITERACY AS A TOOL FOR CREATIVE THINKING<\/a><\/p>\n\n\n\n<p class=\"has-text-align-left xlink\"><em>Meeting ID<\/em>\u2003557 606 6419<br><em>Passcode<\/em>\u2003Zux7Jv<\/p>\n<\/div>\n\n\n\n<div class=\"wp-block-column\">\n<h3 class=\"xh3\">Friday panel #2<\/h3>\n\n\n\n<p class=\"has-text-align-left xlink\">10\u201416\u2003<a rel=\"noreferrer noopener\" href=\"https:\/\/us02web.zoom.us\/j\/5786928776?pwd=N2M1UFFMWjJIU2xWUWExbU5Oay91dz09\" target=\"_blank\">EDUCATION APPROACHES FOCUS ON VISUAL THINKING<\/a><\/p>\n\n\n\n<p class=\"has-text-align-left xlink\"><em>Meeting ID<\/em>\u2003578 692 8776<br><em>Passcode<\/em>\u2003uUiLG3<\/p>\n<\/div>\n<\/div>\n\n\n\n<div style=\"height:50px\" aria-hidden=\"true\" class=\"wp-block-spacer\"><\/div>\n","protected":false},"excerpt":{"rendered":"<p>Auditoriums Nr. 536 and 537, 4th floor @ Faculty of Art and Design JEPU in \u00dast\u00ed nad Labem Thursday panel 10\u201412\u2003KEYNOTE SPEAKERS13\u201417\u2003MEDIUM AS A MESSAGE Meeting ID\u2003578 692 8776Passcode\u2003uUiLG3 Friday panel #1 10\u201416\u2003VISUAL LITERACY AS A TOOL FOR CREATIVE THINKING Meeting ID\u2003557 606 6419Passcode\u2003Zux7Jv Friday panel #2 10\u201416\u2003EDUCATION APPROACHES FOCUS ON VISUAL THINKING Meeting ID\u2003578 [&hellip;]<\/p>\n<a class=\"read-more-link\" href=\" https:\/\/ticass.ujep.cz\/perspectives\/program\/ \">Read more<\/a>","protected":false},"author":1,"featured_media":0,"parent":0,"menu_order":0,"comment_status":"closed","ping_status":"closed","template":"","meta":[],"_links":{"self":[{"href":"https:\/\/ticass.ujep.cz\/perspectives\/wp-json\/wp\/v2\/pages\/12"}],"collection":[{"href":"https:\/\/ticass.ujep.cz\/perspectives\/wp-json\/wp\/v2\/pages"}],"about":[{"href":"https:\/\/ticass.ujep.cz\/perspectives\/wp-json\/wp\/v2\/types\/page"}],"author":[{"embeddable":true,"href":"https:\/\/ticass.ujep.cz\/perspectives\/wp-json\/wp\/v2\/users\/1"}],"replies":[{"embeddable":true,"href":"https:\/\/ticass.ujep.cz\/perspectives\/wp-json\/wp\/v2\/comments?post=12"}],"version-history":[{"count":79,"href":"https:\/\/ticass.ujep.cz\/perspectives\/wp-json\/wp\/v2\/pages\/12\/revisions"}],"predecessor-version":[{"id":868,"href":"https:\/\/ticass.ujep.cz\/perspectives\/wp-json\/wp\/v2\/pages\/12\/revisions\/868"}],"wp:attachment":[{"href":"https:\/\/ticass.ujep.cz\/perspectives\/wp-json\/wp\/v2\/media?parent=12"}],"curies":[{"name":"wp","href":"https:\/\/api.w.org\/{rel}","templated":true}]}}